Let d = -23 + 14. Let u(t) = -t**3 - 10*t**2 - 21*t - 7. List the prime factors of u(d).
101
Let v(u) = 6 - 20 + 9*u + 0. Suppose -32 = -z - 3*z. What are the prime factors of v(z)?
2, 29
Suppose 5*h + 5*s - 75 = 0, -2*h + 2*s = -h - 15. Let t(r) = -r**3 + 16*r**2 - 11*r + 9. List the prime factors of t(h).
3, 23
Suppose -c + 40 = 3*l - 0*c, 5*l + c = 66. Suppose -1179 = -l*w + 901. List the prime factors of w.
2, 5
Suppose 0 = -h - 2*r + 133, -4*h + 545 = 5*r - 10*r. What are the prime factors of h?
3, 5
Suppose 8*m - 5*m - 12 = 0. Suppose -b = 4*b + m*z - 375, 223 = 3*b + 2*z. What are the prime factors of b?
71
Suppose 3*i + 4*w = 3*w + 3, i - 5*w + 15 = 0. Suppose i*q = -3*q - 5*f + 32, -3*q = -4*f + 4. List the prime factors of 0 - q - (-5 - 46).
47
Let k be (-1)/(-2)*(-2 - -2). Suppose 2*q + 2 = 0, 316 = 5*p - k*p - q. What are the prime factors of p?
3, 7
Suppose -2*h - 6 = -12. Suppose 0 = 3*j - 6*j - h*p + 132, -4 = -4*p. Suppose 5*i - j = 207. List the prime factors of i.
2, 5
List the prime factors of 942 + -5 + -1 + 10.
2, 11, 43
Let a(y) = -18*y**3 - 4*y**2 - 3*y + 1. Let r be a(-3). Suppose 68 = -4*p + r. List the prime factors of p.
2, 7
Suppose 16*r - 8 = 12*r. Let n(k) = 0 + 11*k**2 - 2 - 1. List the prime factors of n(r).
41
Let m(p) = -p. Let u(z) = 2*z + 4. Let q be u(-2). Suppose -4*g + 5*f - 62 = 3*f, q = -5*g - f - 81. List the prime factors of m(g).
2
Suppose d - 22 = -a, -4*d + 5*a + 0*a = -106. Let n be ((-63)/4)/((-9)/d). Let c = -19 + n. List the prime factors of c.
23
Let c = 219 + -130. Let j = c + -126. Let a = j + 76. List the prime factors of a.
3, 13
Suppose 3*t - 15 = 141. List the prime factors of (455/t)/((-2)/(-24)).
3, 5, 7
Let w = -94 + 98. Suppose -5*i - w*o = o - 755, 2*i - 4*o = 302. What are the prime factors of i?
151
Suppose 7*m - 2*m = -225. Suppose -5*d + 8 = 503. Let f = m - d. What are the prime factors of f?
2, 3
Suppose 7*l - 25 = 2*l. Suppose 0 = l*g - 0*q - 5*q + 15, -g - 2*q - 3 = 0. Let u = g - -13. What are the prime factors of u?
2, 5
Let v(u) = u. Suppose a + 25 = 6*a. Let t be v(a). Suppose 2*o + h - 12 = 0, -2*h - 3*h - 45 = -t*o. List the prime factors of o.
7
Suppose -2*y - 12 = 2*c, -5*c + 3*y - 30 = y. Let w(f) = -f - 11. Let m be w(c). List the prime factors of ((-48)/(-15))/((-2)/m).
2
Let u(w) = -w**3 - 2*w**2 + w - 6. Let t be u(0). Let x = 32 + t. What are the prime factors of x?
2, 13
Suppose x - 133 = 283. Suppose 3*n - 2*a - 313 = 0, -5*a + 3*a = -4*n + x. What are the prime factors of n?
103
Let s be (-2015)/(-45) - 4/(-18). Let i = 7 + -4. Suppose 0*d + i*d = 3*x + 36, 4*d - 3*x - s = 0. What are the prime factors of d?
3
Suppose 0 = -2*y - 2*y + 12. Suppose 22 = y*r - 2*p, -28 - 3 = -4*r + p. Let i = r - 2. List the prime factors of i.
2, 3
Let w(s) = s**3 - 8*s**2 + 2*s + 5544. What are the prime factors of w(0)?
2, 3, 7, 11
Let t(j) = 61*j + 6. Let z be t(1). Let b = z - 51. List the prime factors of b.
2
Let b be 0 + 1 + -3 - -4. Let p(z) = 81*z - 3. Let d be p(b). Suppose 4*g - d = -5*w + 13, 3 = g. What are the prime factors of w?
2
Suppose 0 = 2*m + 2, 4*v - 2 + 350 = -4*m. Let h = v - -201. What are the prime factors of h?
5, 23
Let g(c) = -51*c**2 - 4. Let x be g(-2). Let d = -127 - x. What are the prime factors of d?
3
Let a = 45 + -20. Let l = 43 - a. What are the prime factors of 4/18 - (-212)/l?
2, 3
Suppose 3*u = 4*u - 60. Suppose 3*k + 2*k - u = 0. Let f = k - 8. What are the prime factors of f?
2
Suppose 5*z + 9*j = 7*j + 1429, 0 = -2*z + 4*j + 586. What are the prime factors of z?
7, 41
Suppose -2*o - 1404 = -4*t, -6*t + 2*t - 4*o + 1404 = 0. List the prime factors of t.
3, 13
Let i be 8/(-2) + -8 - 0. Let b = 23 + i. List the prime factors of b.
11
Let o(t) = t**2 - 28*t - 119. List the prime factors of o(42).
7, 67
Let r(v) = -9*v + 11. Let a be r(1). Suppose -52 = 5*s + 4*h - 317, -106 = -a*s - 4*h. What are the prime factors of s?
53
Suppose -11*z + 31*z = 11020. What are the prime factors of z?
19, 29
Suppose -5*j = -j - 5*z - 40, z - 79 = -5*j. Suppose j*m = 18*m - 297. Suppose m + 113 = 4*d. What are the prime factors of d?
53
Let x = -68 - -76. Suppose 3*t = -x*t + 330. List the prime factors of t.
2, 3, 5
Let a = 2529 - 1341. Suppose 9*t + 0*t = a. What are the prime factors of t?
2, 3, 11
Let j = 2 + -20. Let n = 5 - j. List the prime factors of n.
23
Suppose -7*z + 11 = -17. Suppose -z*d = v - 151, v + 3*v - 637 = -5*d. List the prime factors of v.
163
Suppose 3*y - 164 = -6*v + 2*v, v = 2*y - 113. Let p = -46 + y. What are the prime factors of p?
2, 5
Let v(f) = 6*f**2 + 7*f - 8. Let m be v(3). Let p = 58 + m. What are the prime factors of p?
5
Let p = 71 - 65. What are the prime factors of (-464)/p*(12/16 + -3)?
2, 3, 29
Suppose 0 = 9*f - 8*f - 2*y + 54, 5*f + 256 = 3*y. Suppose q = -q - 66. Let j = q - f. List the prime factors of j.
17
Suppose 0 = 3*g - 24 + 3. Let n(o) = 5*o**3 + 8*o**2 - 15*o + 9. Let v(p) = p**3 - p + 1. Let h(f) = -n(f) + 6*v(f). What are the prime factors of h(g)?
11
Let z = 202 + 1400. List the prime factors of z.
2, 3, 89
Suppose -649 = 3*t + i - 5929, -5271 = -3*t - 4*i. List the prime factors of t.
3, 587
Let b be (50/(-125))/(1/5). Let d(z) = -35*z + 4. What are the prime factors of d(b)?
2, 37
Suppose 6*k - 29 = -5. Suppose 13*q = k*q + 531. List the prime factors of q.
59
Let k = 98 + -81. List the prime factors of k.
17
Suppose -2*m + 10 = -4. Let o be (-146)/4*(m - 11). Let z = -102 + o. List the prime factors of z.
2, 11
What are the prime factors of (1273 + -85)/(-2 + (-11)/(-4))?
2, 3, 11
Let n = 748 - 328. Suppose -n = -3*p + 9. What are the prime factors of p?
11, 13
Let m = 1009 + -313. What are the prime factors of m?
2, 3, 29
Let g(v) = v**3 - 8*v**2 + 2*v - 4. Suppose 33 = 4*o - 2*z - 3*z, -z = -5*o + 36. Let u be g(o). What are the prime factors of u/(-2 - (-3 - -4))?
13
Suppose 5*g - 215 = -5*b, g - 8 = 2*b + 20. Let m = g - 28. What are the prime factors of m?
2, 5
Suppose -141 = 2*p - 5*p. Suppose -4*f = -145 - p. Suppose -f = -4*i + 3*w, 8 = -2*w + 4*w. What are the prime factors of i?
3, 5
Let z(o) = -11 - 4*o**2 - 5*o**2 - 13*o - 13*o**3 + 12*o**3. Suppose 3*a + 17 = 3*s - 19, -5*s = -2*a - 36. List the prime factors of z(a).
29
Let m = 669 - 471. List the prime factors of (2/(-3))/((-3)/m).
2, 11
Suppose -5*n - c + 722 = 0, -c + 136 = n + 2*c. Suppose -g + 2*g = n. List the prime factors of g.
5, 29
Let w = 334 + -220. Suppose 586 = 4*x + w. List the prime factors of x.
2, 59
Let k(i) = 503*i - 3. What are the prime factors of k(2)?
17, 59
Let r(z) = -z + 6. Let s be r(7). Let j be (-2 + s)*336/(-18). Let p = j - 31. What are the prime factors of p?
5
Let c(j) = -7*j**3 - 2*j. Let b be c(-2). Let p(n) = -n**3 + n + 4. Let x be p(0). Suppose -x*i + i + b = 0. List the prime factors of i.
2, 5
Let s(h) = -1050*h**3 - h**2 - h - 2. What are the prime factors of s(-1)?
2, 131
Let b(a) be the second derivative of 2*a**3/3 + 38*a**2 - 6*a. What are the prime factors of b(0)?
2, 19
Let b be 2/(-5) - 128/(-20). Let c be ((-36)/(-8))/(2/(-4)). Let m = b - c. What are the prime factors of m?
3, 5
Suppose 87 = -3*t + 3*f, 5*t = -4*f - 45 - 127. Let a be (-3 - -4 - t) + -4. Suppose 2*k + 3 = a. List the prime factors of k.
13
Let j = 3138 + -221. Suppose 0 = -23*m - j + 10277. List the prime factors of m.
2, 5
Let a be (-13)/(52/(-24)) - -4. Let x be 0 + 1 - (a - 87). Suppose 3*w = -2*l + 116, 2*w - 2 = -2*l + x. List the prime factors of w.
2, 3
Let i(q) = -q**2 + 14*q + 29. Let p(d) = 2*d**2 - 2*d - 12. Let z be p(4). What are the prime factors of i(z)?
53
Suppose 57 = 3*q + 3*g, -4*q + g = -94 + 33. Suppose -q*d = -8*d - 800. List the prime factors of d.
2, 5
Suppose -r - 40 = -3*f, -5*f + 34 = -5*r + 4*r. Let c = 179 + r. What are the prime factors of c?
2, 5, 13
Let g be 6 + 0 + -8 + 1*10. Let i(c) = -c**2 + 8*c + 26. List the prime factors of i(g).
2, 13
Let s(m) = -m**3 + 5*m**2 - 5*m + 6. Let p be s(4). Suppose -2 = -2*w + p. Suppose 0*o = w*o - 24. List the prime factors of o.
2, 3
Let h = 2514 - -9. List the prime factors of h.
3, 29
Suppose -m = 2*m. Let t be (-2 + m)*1 + 5. Suppose x - 3*j + 75 = 6*x, -t*x + 79 = -5*j. What are the prime factors of x?
2, 3
Let q(v) = -v**3 + 11*v**2 + v